{"id":16,"date":"2021-07-27T12:10:33","date_gmt":"2021-07-27T10:10:33","guid":{"rendered":"https:\/\/vjf.at\/just-info\/?page_id=16"},"modified":"2025-11-14T13:03:55","modified_gmt":"2025-11-14T12:03:55","slug":"info","status":"publish","type":"page","link":"https:\/\/vjf.at\/streetworklinzsued\/","title":{"rendered":"Home"},"content":{"rendered":"\t\t<div data-elementor-type=\"wp-page\" data-elementor-id=\"16\" class=\"elementor elementor-16\" data-elementor-post-type=\"page\">\n\t\t\t\t<div class=\"elementor-element elementor-element-5777c4b1 e-con-full e-flex e-con e-parent\" data-id=\"5777c4b1\" data-element_type=\"container\" data-e-type=\"container\" data-settings=\"{&quot;background_background&quot;:&quot;classic&quot;}\">\n\t\t<div class=\"elementor-element elementor-element-35b46777 e-con-full e-flex e-con e-child\" data-id=\"35b46777\" data-element_type=\"container\" data-e-type=\"container\">\n\t\t\t\t<div class=\"elementor-element elementor-element-29534d elementor-widget__width-initial elementor-widget elementor-widget-image\" data-id=\"29534d\" data-element_type=\"widget\" data-e-type=\"widget\" data-widget_type=\"image.default\">\n\t\t\t\t<div class=\"elementor-widget-container\">\n\t\t\t\t\t\t\t\t\t\t\t\t\t\t\t<img fetchpriority=\"high\" decoding=\"async\" width=\"800\" height=\"800\" src=\"https:\/\/vjf.at\/streetworklinzsued\/wp-content\/uploads\/sites\/30\/2025\/11\/linzsued.png\" class=\"attachment-large size-large wp-image-246\" alt=\"\" srcset=\"https:\/\/vjf.at\/streetworklinzsued\/wp-content\/uploads\/sites\/30\/2025\/11\/linzsued.png 800w, https:\/\/vjf.at\/streetworklinzsued\/wp-content\/uploads\/sites\/30\/2025\/11\/linzsued-300x300.png 300w, https:\/\/vjf.at\/streetworklinzsued\/wp-content\/uploads\/sites\/30\/2025\/11\/linzsued-150x150.png 150w, https:\/\/vjf.at\/streetworklinzsued\/wp-content\/uploads\/sites\/30\/2025\/11\/linzsued-768x768.png 768w, https:\/\/vjf.at\/streetworklinzsued\/wp-content\/uploads\/sites\/30\/2025\/11\/linzsued-500x500.png 500w\" sizes=\"(max-width: 800px) 100vw, 800px\" \/>\t\t\t\t\t\t\t\t\t\t\t\t\t\t\t<\/div>\n\t\t\t\t<\/div>\n\t\t\t\t<\/div>\n\t\t\t\t<\/div>\n\t\t<div class=\"elementor-element elementor-element-409b374c e-con-full e-flex e-con e-parent\" data-id=\"409b374c\" data-element_type=\"container\" data-e-type=\"container\">\n\t\t<div class=\"elementor-element elementor-element-7f698a6b e-con-full e-flex e-con e-child\" data-id=\"7f698a6b\" data-element_type=\"container\" data-e-type=\"container\">\n\t\t\t\t<div class=\"elementor-element elementor-element-34b9135e elementor-widget elementor-widget-heading\" data-id=\"34b9135e\" data-element_type=\"widget\" data-e-type=\"widget\" data-widget_type=\"heading.default\">\n\t\t\t\t<div class=\"elementor-widget-container\">\n\t\t\t\t\t<h1 class=\"elementor-heading-title elementor-size-default\">F\u00fcr wen ist Streetwork Linz-S\u00fcd<\/h1>\t\t\t\t<\/div>\n\t\t\t\t<\/div>\n\t\t\t\t<div class=\"elementor-element elementor-element-1fc9df0 elementor-widget elementor-widget-text-editor\" data-id=\"1fc9df0\" data-element_type=\"widget\" data-e-type=\"widget\" data-widget_type=\"text-editor.default\">\n\t\t\t\t<div class=\"elementor-widget-container\">\n\t\t\t\t\t\t\t\t\t<div class=\"elementor-element elementor-element-4b0db25b elementor-widget elementor-widget-text-editor\" data-id=\"4b0db25b\" data-element_type=\"widget\" data-widget_type=\"text-editor.default\"><div class=\"elementor-widget-container\"><p>Wenn du zwischen 12 und 25 Jahren bist, ist Streetwork Linz S\u00fcd f\u00fcr dich da.<\/p><p>Wir sind regelm\u00e4\u00dfig im Stadtteil unterwegs und in unser Anlaufstelle in Kleinm\u00fcnchen\u00a0 f\u00fcr deine Anliegen da<\/p><\/div><\/div>\t\t\t\t\t\t\t\t<\/div>\n\t\t\t\t<\/div>\n\t\t\t\t<div class=\"elementor-element elementor-element-3bca7095 elementor-widget elementor-widget-heading\" data-id=\"3bca7095\" data-element_type=\"widget\" data-e-type=\"widget\" data-widget_type=\"heading.default\">\n\t\t\t\t<div class=\"elementor-widget-container\">\n\t\t\t\t\t<h2 class=\"elementor-heading-title elementor-size-default\">\u00d6ffnungszeiten:<\/h2>\t\t\t\t<\/div>\n\t\t\t\t<\/div>\n\t\t\t\t<div class=\"elementor-element elementor-element-4b871897 elementor-widget elementor-widget-text-editor\" data-id=\"4b871897\" data-element_type=\"widget\" data-e-type=\"widget\" data-widget_type=\"text-editor.default\">\n\t\t\t\t<div class=\"elementor-widget-container\">\n\t\t\t\t\t\t\t\t\t<p><strong>Streetwork Linz-S\u00fcd (12-24 Jahre):<\/strong><\/p><p class=\"has-text-color\">Dienstag: 10.00-12.00, Mittwoch: 14.00-16.00, Donnerstag: 16.00-18.00<\/p>\t\t\t\t\t\t\t\t<\/div>\n\t\t\t\t<\/div>\n\t\t\t\t<div class=\"elementor-element elementor-element-8161382 elementor-widget elementor-widget-text-editor\" data-id=\"8161382\" data-element_type=\"widget\" data-e-type=\"widget\" data-widget_type=\"text-editor.default\">\n\t\t\t\t<div class=\"elementor-widget-container\">\n\t\t\t\t\t\t\t\t\t06767730368 Dagmar<br> \n06767630001 Simon<br>\n06507730354 Steffi\n\n\t\t\t\t\t\t\t\t<\/div>\n\t\t\t\t<\/div>\n\t\t\t\t<\/div>\n\t\t<div class=\"elementor-element elementor-element-4b6e635a e-con-full e-flex e-con e-child\" data-id=\"4b6e635a\" data-element_type=\"container\" data-e-type=\"container\" data-settings=\"{&quot;background_background&quot;:&quot;classic&quot;}\">\n\t\t\t\t<div class=\"elementor-element elementor-element-757208f4 elementor-widget__width-initial elementor-widget elementor-widget-image\" data-id=\"757208f4\" data-element_type=\"widget\" data-e-type=\"widget\" data-widget_type=\"image.default\">\n\t\t\t\t<div class=\"elementor-widget-container\">\n\t\t\t\t\t\t\t\t\t\t\t\t\t\t\t<img decoding=\"async\" width=\"800\" height=\"755\" src=\"https:\/\/vjf.at\/streetworklinzsued\/wp-content\/uploads\/sites\/30\/2025\/11\/top-view-teenager-with-skateboard-1024x967.jpg\" class=\"attachment-large size-large wp-image-264\" alt=\"\" srcset=\"https:\/\/vjf.at\/streetworklinzsued\/wp-content\/uploads\/sites\/30\/2025\/11\/top-view-teenager-with-skateboard-1024x967.jpg 1024w, https:\/\/vjf.at\/streetworklinzsued\/wp-content\/uploads\/sites\/30\/2025\/11\/top-view-teenager-with-skateboard-300x283.jpg 300w, https:\/\/vjf.at\/streetworklinzsued\/wp-content\/uploads\/sites\/30\/2025\/11\/top-view-teenager-with-skateboard-768x726.jpg 768w, https:\/\/vjf.at\/streetworklinzsued\/wp-content\/uploads\/sites\/30\/2025\/11\/top-view-teenager-with-skateboard-1536x1451.jpg 1536w, https:\/\/vjf.at\/streetworklinzsued\/wp-content\/uploads\/sites\/30\/2025\/11\/top-view-teenager-with-skateboard-2048x1935.jpg 2048w\" sizes=\"(max-width: 800px) 100vw, 800px\" \/>\t\t\t\t\t\t\t\t\t\t\t\t\t\t\t<\/div>\n\t\t\t\t<\/div>\n\t\t\t\t<\/div>\n\t\t\t\t<\/div>\n\t\t<div class=\"elementor-element elementor-element-1d970aed e-flex e-con-boxed e-con e-parent\" data-id=\"1d970aed\" data-element_type=\"container\" data-e-type=\"container\">\n\t\t\t\t\t<div class=\"e-con-inner\">\n\t\t<div class=\"elementor-element elementor-element-5b48129a e-con-full e-flex e-con e-child\" data-id=\"5b48129a\" data-element_type=\"container\" data-e-type=\"container\">\n\t\t\t\t<div class=\"elementor-element elementor-element-64a297db elementor-widget elementor-widget-image\" data-id=\"64a297db\" data-element_type=\"widget\" data-e-type=\"widget\" data-widget_type=\"image.default\">\n\t\t\t\t<div class=\"elementor-widget-container\">\n\t\t\t\t\t\t\t\t\t\t\t\t\t\t\t<img decoding=\"async\" width=\"800\" height=\"800\" src=\"https:\/\/vjf.at\/streetworklinzsued\/wp-content\/uploads\/sites\/30\/2025\/11\/content-girlfriends-communicating-couch-scaled-e1763121814436-1024x1024.jpg\" class=\"attachment-large size-large wp-image-276\" alt=\"\" srcset=\"https:\/\/vjf.at\/streetworklinzsued\/wp-content\/uploads\/sites\/30\/2025\/11\/content-girlfriends-communicating-couch-scaled-e1763121814436-1024x1024.jpg 1024w, https:\/\/vjf.at\/streetworklinzsued\/wp-content\/uploads\/sites\/30\/2025\/11\/content-girlfriends-communicating-couch-scaled-e1763121814436-300x300.jpg 300w, https:\/\/vjf.at\/streetworklinzsued\/wp-content\/uploads\/sites\/30\/2025\/11\/content-girlfriends-communicating-couch-scaled-e1763121814436-150x150.jpg 150w, https:\/\/vjf.at\/streetworklinzsued\/wp-content\/uploads\/sites\/30\/2025\/11\/content-girlfriends-communicating-couch-scaled-e1763121814436-768x768.jpg 768w, https:\/\/vjf.at\/streetworklinzsued\/wp-content\/uploads\/sites\/30\/2025\/11\/content-girlfriends-communicating-couch-scaled-e1763121814436-500x500.jpg 500w, https:\/\/vjf.at\/streetworklinzsued\/wp-content\/uploads\/sites\/30\/2025\/11\/content-girlfriends-communicating-couch-scaled-e1763121814436.jpg 1276w\" sizes=\"(max-width: 800px) 100vw, 800px\" \/>\t\t\t\t\t\t\t\t\t\t\t\t\t\t\t<\/div>\n\t\t\t\t<\/div>\n\t\t\t\t<\/div>\n\t\t<div class=\"elementor-element elementor-element-76a3a3f6 e-con-full e-flex e-con e-child\" data-id=\"76a3a3f6\" data-element_type=\"container\" data-e-type=\"container\">\n\t\t\t\t<div class=\"elementor-element elementor-element-53012f13 elementor-widget elementor-widget-heading\" data-id=\"53012f13\" data-element_type=\"widget\" data-e-type=\"widget\" data-widget_type=\"heading.default\">\n\t\t\t\t<div class=\"elementor-widget-container\">\n\t\t\t\t\t<h2 class=\"elementor-heading-title elementor-size-default\">Unsere Angebote bei Streetwork Linz-S\u00fcd<\/h2>\t\t\t\t<\/div>\n\t\t\t\t<\/div>\n\t\t\t\t<div class=\"elementor-element elementor-element-8838414 elementor-widget elementor-widget-text-editor\" data-id=\"8838414\" data-element_type=\"widget\" data-e-type=\"widget\" data-widget_type=\"text-editor.default\">\n\t\t\t\t<div class=\"elementor-widget-container\">\n\t\t\t\t\t\t\t\t\t<div class=\"elementor-element elementor-element-65a4a791 elementor-widget elementor-widget-text-editor\" data-id=\"65a4a791\" data-element_type=\"widget\" data-widget_type=\"text-editor.default\"><div class=\"elementor-widget-container\"><p>Wir bieten dir:<\/p><p><br \/><b>Beratung und Information<\/b><\/p><div class=\"elementor-element elementor-element-22c1007f elementor-widget elementor-widget-text-editor\" data-id=\"22c1007f\" data-element_type=\"widget\" data-widget_type=\"text-editor.default\"><div class=\"elementor-widget-container\"><p>zu den Themen: Arbeit, Rechtliches, Sucht, Unterkunft, Familie uvm.<\/p><p>\u00a0<\/p><p><b>Begleitung und Weitervermittlung:<\/b><\/p><p>zu Polizei, Gericht, AMS, Schuldnerhilfe und andere Sozialeinrichtungen<\/p><p>\u00a0<\/p><p><b>Freizeitangebote und Projekte:<\/b><\/p><p>von Spiel &amp; Sport, \u00fcber Workshops bis hin zu Ausfl\u00fcgen und gemeinsame Veranstaltungen<\/p><p>\u00a0<\/p><p>Unsere Angebote sind f\u00fcr dich <b>KOSTENLOS<\/b> und <b>FREIWILLIG<\/b>!<\/p><p>Wir behandeln deine Anliegen <b>ANONYM<\/b> und <b>VERTRAULICH<\/b>!<\/p><\/div><\/div><\/div><\/div>\t\t\t\t\t\t\t\t<\/div>\n\t\t\t\t<\/div>\n\t\t\t\t<\/div>\n\t\t\t\t\t<\/div>\n\t\t\t\t<\/div>\n\t\t<div class=\"elementor-element elementor-element-46a2b8f6 e-flex e-con-boxed e-con e-parent\" data-id=\"46a2b8f6\" data-element_type=\"container\" data-e-type=\"container\">\n\t\t\t\t\t<div class=\"e-con-inner\">\n\t\t<div class=\"elementor-element elementor-element-59989c7a e-con-full e-flex e-con e-child\" data-id=\"59989c7a\" data-element_type=\"container\" data-e-type=\"container\">\n\t\t\t\t<div class=\"elementor-element elementor-element-1a59b4c8 elementor-widget elementor-widget-heading\" data-id=\"1a59b4c8\" data-element_type=\"widget\" data-e-type=\"widget\" data-widget_type=\"heading.default\">\n\t\t\t\t<div class=\"elementor-widget-container\">\n\t\t\t\t\t<h2 class=\"elementor-heading-title elementor-size-default\">Wer ist das Team von Streetwork Linz-S\u00fcd<\/h2>\t\t\t\t<\/div>\n\t\t\t\t<\/div>\n\t\t\t\t<div class=\"elementor-element elementor-element-51d3a0f elementor-widget elementor-widget-text-editor\" data-id=\"51d3a0f\" data-element_type=\"widget\" data-e-type=\"widget\" data-widget_type=\"text-editor.default\">\n\t\t\t\t<div class=\"elementor-widget-container\">\n\t\t\t\t\t\t\t\t\t<p>Wir sind Dagmar, Steffi und Simon.<\/p>\t\t\t\t\t\t\t\t<\/div>\n\t\t\t\t<\/div>\n\t\t\t\t<\/div>\n\t\t<div class=\"elementor-element elementor-element-21cd50a1 e-con-full e-flex e-con e-child\" data-id=\"21cd50a1\" data-element_type=\"container\" data-e-type=\"container\">\n\t\t\t\t<div class=\"elementor-element elementor-element-4b4eb9bc elementor-widget__width-initial elementor-widget elementor-widget-image\" data-id=\"4b4eb9bc\" data-element_type=\"widget\" data-e-type=\"widget\" data-widget_type=\"image.default\">\n\t\t\t\t<div class=\"elementor-widget-container\">\n\t\t\t\t\t\t\t\t\t\t\t\t\t\t\t<img loading=\"lazy\" decoding=\"async\" width=\"850\" height=\"1134\" src=\"https:\/\/vjf.at\/streetworklinzsued\/wp-content\/uploads\/sites\/30\/2025\/11\/IMG_7140.png\" class=\"attachment-full size-full wp-image-266\" alt=\"\" srcset=\"https:\/\/vjf.at\/streetworklinzsued\/wp-content\/uploads\/sites\/30\/2025\/11\/IMG_7140.png 850w, https:\/\/vjf.at\/streetworklinzsued\/wp-content\/uploads\/sites\/30\/2025\/11\/IMG_7140-225x300.png 225w, https:\/\/vjf.at\/streetworklinzsued\/wp-content\/uploads\/sites\/30\/2025\/11\/IMG_7140-768x1025.png 768w, https:\/\/vjf.at\/streetworklinzsued\/wp-content\/uploads\/sites\/30\/2025\/11\/IMG_7140-300x400.png 300w\" sizes=\"(max-width: 850px) 100vw, 850px\" \/>\t\t\t\t\t\t\t\t\t\t\t\t\t\t\t<\/div>\n\t\t\t\t<\/div>\n\t\t\t\t<\/div>\n\t\t\t\t\t<\/div>\n\t\t\t\t<\/div>\n\t\t<div class=\"elementor-element elementor-element-6de8d0b2 e-flex e-con-boxed e-con e-parent\" data-id=\"6de8d0b2\" data-element_type=\"container\" data-e-type=\"container\">\n\t\t\t\t\t<div class=\"e-con-inner\">\n\t\t\t\t<div class=\"elementor-element elementor-element-9bf530 elementor-widget elementor-widget-heading\" data-id=\"9bf530\" data-element_type=\"widget\" data-e-type=\"widget\" data-widget_type=\"heading.default\">\n\t\t\t\t<div class=\"elementor-widget-container\">\n\t\t\t\t\t<h3 class=\"elementor-heading-title elementor-size-default\">Aktuelles bei Streetwork Linz-S\u00fcd<\/h3>\t\t\t\t<\/div>\n\t\t\t\t<\/div>\n\t\t\t\t<div class=\"elementor-element elementor-element-2c29ab9c elementor-widget elementor-widget-text-editor\" data-id=\"2c29ab9c\" data-element_type=\"widget\" data-e-type=\"widget\" data-widget_type=\"text-editor.default\">\n\t\t\t\t<div class=\"elementor-widget-container\">\n\t\t\t\t\t\t\t\t\t<p>Aktuelle Infos zu unserem Programm und Schwerpunkten findest du auch auf unseren Social Media Seiten- follow us!<\/p>\t\t\t\t\t\t\t\t<\/div>\n\t\t\t\t<\/div>\n\t\t\t\t<div class=\"elementor-element elementor-element-348d17ed e-grid-align-mobile-center elementor-widget-mobile__width-inherit elementor-shape-rounded elementor-grid-0 e-grid-align-center elementor-widget elementor-widget-social-icons\" data-id=\"348d17ed\" data-element_type=\"widget\" data-e-type=\"widget\" data-widget_type=\"social-icons.default\">\n\t\t\t\t<div class=\"elementor-widget-container\">\n\t\t\t\t\t\t\t<div class=\"elementor-social-icons-wrapper elementor-grid\" role=\"list\">\n\t\t\t\t\t\t\t<span class=\"elementor-grid-item\" role=\"listitem\">\n\t\t\t\t\t<a class=\"elementor-icon elementor-social-icon elementor-social-icon-facebook-f elementor-repeater-item-3f1b7ac\" href=\"https:\/\/www.facebook.com\/streetwork.linzsud.5\" target=\"_blank\">\n\t\t\t\t\t\t<span class=\"elementor-screen-only\">Facebook-f<\/span>\n\t\t\t\t\t\t<i aria-hidden=\"true\" class=\"fab fa-facebook-f\"><\/i>\t\t\t\t\t<\/a>\n\t\t\t\t<\/span>\n\t\t\t\t\t\t\t<span class=\"elementor-grid-item\" role=\"listitem\">\n\t\t\t\t\t<a class=\"elementor-icon elementor-social-icon elementor-social-icon- elementor-repeater-item-5c0ce3c\" href=\"https:\/\/www.instagram.com\/streetworklinzsued\/\" target=\"_blank\">\n\t\t\t\t\t\t<span class=\"elementor-screen-only\"><\/span>\n\t\t\t\t\t\t<svg xmlns=\"http:\/\/www.w3.org\/2000\/svg\" id=\"aaf4d88f-6908-42b9-b3d6-5d6a3ec06a43\" data-name=\"Layer 1\" width=\"27\" height=\"26\" viewBox=\"0 0 27 26\"><path d=\"M26.9922,13.12c0-1.952.0071-3.904-.0054-5.856a7.4912,7.4912,0,0,0-.12-1.3338,6.9762,6.9762,0,0,0-2.4989-4.1911,7.3149,7.3149,0,0,0-4.73-1.7279c-4.031-.02-8.0623-.0061-12.0935-.0071a7.347,7.347,0,0,0-3.6653.907,6.9367,6.9367,0,0,0-3.85,6.2265C-.025,11.0332.0121,14.93.0169,18.8272a6.5069,6.5069,0,0,0,.8908,3.3475A7.2785,7.2785,0,0,0,7.419,25.9708c4.0565.0558,8.1145.0148,12.1719.0131a7.6378,7.6378,0,0,0,4.9015-1.8408,6.9218,6.9218,0,0,0,2.4928-5.276C27.0143,16.9517,26.9915,15.0354,26.9922,13.12ZM13.4174,20.21a7.3625,7.3625,0,0,1-7.4061-7.2182,7.3505,7.3505,0,0,1,7.4992-7.2115,7.3516,7.3516,0,0,1,7.4852,7.2146A7.37,7.37,0,0,1,13.4174,20.21ZM22.4962,5.7791a1.48,1.48,0,0,1-1.5005-1.4476,1.5014,1.5014,0,0,1,3-.0009A1.481,1.481,0,0,1,22.4962,5.7791Z\" transform=\"translate(0 0)\" style=\"fill-rule:evenodd\"><\/path><path d=\"M13.4969,8.3571a4.7331,4.7331,0,0,0-4.8183,4.6445,4.74,4.74,0,0,0,4.8241,4.6413,4.74,4.74,0,0,0,4.8187-4.6466A4.7342,4.7342,0,0,0,13.4969,8.3571Z\" transform=\"translate(0 0)\" style=\"fill-rule:evenodd\"><\/path><\/svg>\t\t\t\t\t<\/a>\n\t\t\t\t<\/span>\n\t\t\t\t\t<\/div>\n\t\t\t\t\t\t<\/div>\n\t\t\t\t<\/div>\n\t\t\t\t<div class=\"elementor-element elementor-element-19a6f8e3 elementor-grid-2 elementor-posts--align-center elementor-grid-tablet-2 elementor-grid-mobile-1 elementor-posts--thumbnail-top elementor-card-shadow-yes elementor-posts__hover-gradient elementor-widget elementor-widget-posts\" data-id=\"19a6f8e3\" data-element_type=\"widget\" data-e-type=\"widget\" data-settings=\"{&quot;cards_row_gap&quot;:{&quot;unit&quot;:&quot;px&quot;,&quot;size&quot;:40,&quot;sizes&quot;:[]},&quot;cards_columns&quot;:&quot;2&quot;,&quot;cards_columns_tablet&quot;:&quot;2&quot;,&quot;cards_columns_mobile&quot;:&quot;1&quot;,&quot;cards_row_gap_tablet&quot;:{&quot;unit&quot;:&quot;px&quot;,&quot;size&quot;:&quot;&quot;,&quot;sizes&quot;:[]},&quot;cards_row_gap_mobile&quot;:{&quot;unit&quot;:&quot;px&quot;,&quot;size&quot;:&quot;&quot;,&quot;sizes&quot;:[]}}\" data-widget_type=\"posts.cards\">\n\t\t\t\t<div class=\"elementor-widget-container\">\n\t\t\t\t\t\t\t<div class=\"elementor-posts-container elementor-posts elementor-posts--skin-cards elementor-grid\" role=\"list\">\n\t\t\t\t<article class=\"elementor-post elementor-grid-item post-1 post type-post status-publish format-standard hentry category-allgemein\" role=\"listitem\">\n\t\t\t<div class=\"elementor-post__card\">\n\t\t\t\t<div class=\"elementor-post__text\">\n\t\t\t\t<h3 class=\"elementor-post__title\">\n\t\t\t<a href=\"https:\/\/vjf.at\/streetworklinzsued\/2021\/07\/27\/hallo-welt\/\" >\n\t\t\t\tHallo Welt!\t\t\t<\/a>\n\t\t<\/h3>\n\t\t\t\t<div class=\"elementor-post__excerpt\">\n\t\t\t<p>Willkommen bei Einrichtungen. Dies ist der erste Beitrag. Du kannst ihn bearbeiten oder l\u00f6schen. Und jetzt nichts wie ran ans<\/p>\n\t\t<\/div>\n\t\t\n\t\t<a class=\"elementor-post__read-more\" href=\"https:\/\/vjf.at\/streetworklinzsued\/2021\/07\/27\/hallo-welt\/\" aria-label=\"Mehr \u00fcber Hallo Welt!\" tabindex=\"-1\" >\n\t\t\tWeiterlesen \u00bb\t\t<\/a>\n\n\t\t\t\t<\/div>\n\t\t\t\t<div class=\"elementor-post__meta-data\">\n\t\t\t\t\t<span class=\"elementor-post-date\">\n\t\t\t27. Juli 2021\t\t<\/span>\n\t\t\t\t<\/div>\n\t\t\t\t\t<\/div>\n\t\t<\/article>\n\t\t\t\t<\/div>\n\t\t\n\t\t\t\t\t\t<\/div>\n\t\t\t\t<\/div>\n\t\t\t\t\t<\/div>\n\t\t\t\t<\/div>\n\t\t<footer class=\"elementor-element elementor-element-9543dc1 e-con-full e-flex e-con e-parent\" data-id=\"9543dc1\" data-element_type=\"container\" data-e-type=\"container\">\n\t\t<div class=\"elementor-element elementor-element-3085ffb4 e-con-full e-flex e-con e-child\" data-id=\"3085ffb4\" data-element_type=\"container\" data-e-type=\"container\">\n\t\t\t\t<div class=\"elementor-element elementor-element-260cd111 elementor-widget__width-initial elementor-position-top elementor-widget elementor-widget-image-box\" data-id=\"260cd111\" data-element_type=\"widget\" data-e-type=\"widget\" data-widget_type=\"image-box.default\">\n\t\t\t\t<div class=\"elementor-widget-container\">\n\t\t\t\t\t<div class=\"elementor-image-box-wrapper\"><figure class=\"elementor-image-box-img\"><a href=\"http:\/\/www.vjf.at\" tabindex=\"-1\"><img loading=\"lazy\" decoding=\"async\" width=\"842\" height=\"595\" src=\"https:\/\/vjf.at\/streetworklinzsued\/wp-content\/uploads\/sites\/30\/2025\/11\/VJF_webLogo.png\" class=\"attachment-full size-full wp-image-236\" alt=\"\" srcset=\"https:\/\/vjf.at\/streetworklinzsued\/wp-content\/uploads\/sites\/30\/2025\/11\/VJF_webLogo.png 842w, https:\/\/vjf.at\/streetworklinzsued\/wp-content\/uploads\/sites\/30\/2025\/11\/VJF_webLogo-300x212.png 300w, https:\/\/vjf.at\/streetworklinzsued\/wp-content\/uploads\/sites\/30\/2025\/11\/VJF_webLogo-768x543.png 768w\" sizes=\"(max-width: 842px) 100vw, 842px\" \/><\/a><\/figure><div class=\"elementor-image-box-content\"><p class=\"elementor-image-box-description\">Streetwork Linz-S\u00fcd ist eine Einrichtung des Vereins JUGEND &amp; FREIZEIT und bietet offenen Jugendarbeit an.<\/p><\/div><\/div>\t\t\t\t<\/div>\n\t\t\t\t<\/div>\n\t\t\t\t<\/div>\n\t\t<div class=\"elementor-element elementor-element-65e7fa16 e-con-full e-flex e-con e-child\" data-id=\"65e7fa16\" data-element_type=\"container\" data-e-type=\"container\">\n\t\t\t\t<div class=\"elementor-element elementor-element-52cc7485 elementor-align-center elementor-tablet-align-start elementor-mobile-align-start elementor-icon-list--layout-traditional elementor-list-item-link-full_width elementor-widget elementor-widget-icon-list\" data-id=\"52cc7485\" data-element_type=\"widget\" data-e-type=\"widget\" data-widget_type=\"icon-list.default\">\n\t\t\t\t<div class=\"elementor-widget-container\">\n\t\t\t\t\t\t\t<ul class=\"elementor-icon-list-items\">\n\t\t\t\t\t\t\t<li class=\"elementor-icon-list-item\">\n\t\t\t\t\t\t\t\t\t\t\t<a href=\"tel:123-456-7890\">\n\n\t\t\t\t\t\t\t\t\t\t\t<span class=\"elementor-icon-list-text\">Matth\u00e4us-Herzog-Stra\u00dfe 7-9<\/span>\n\t\t\t\t\t\t\t\t\t\t\t<\/a>\n\t\t\t\t\t\t\t\t\t<\/li>\n\t\t\t\t\t\t\t\t<li class=\"elementor-icon-list-item\">\n\t\t\t\t\t\t\t\t\t\t<span class=\"elementor-icon-list-text\">4030 Linz<\/span>\n\t\t\t\t\t\t\t\t\t<\/li>\n\t\t\t\t\t\t\t\t<li class=\"elementor-icon-list-item\">\n\t\t\t\t\t\t\t\t\t\t<span class=\"elementor-icon-list-text\">06767730368 Dagmar, 06767630001 Simon, 06507730354 Steffi<\/span>\n\t\t\t\t\t\t\t\t\t<\/li>\n\t\t\t\t\t\t\t\t<li class=\"elementor-icon-list-item\">\n\t\t\t\t\t\t\t\t\t\t<span class=\"elementor-icon-list-text\">open: Dienstag: 10.00-12.00, Mittwoch: 14.00-16.00, Donnerstag: 16.00-18.00<\/span>\n\t\t\t\t\t\t\t\t\t<\/li>\n\t\t\t\t\t\t\t\t<li class=\"elementor-icon-list-item\">\n\t\t\t\t\t\t\t\t\t\t<span class=\"elementor-icon-list-text\">streetwork.linz.sued@vjf.at<\/span>\n\t\t\t\t\t\t\t\t\t<\/li>\n\t\t\t\t\t\t<\/ul>\n\t\t\t\t\t\t<\/div>\n\t\t\t\t<\/div>\n\t\t\t\t<\/div>\n\t\t<div class=\"elementor-element elementor-element-770b3162 e-con-full e-flex e-con e-child\" data-id=\"770b3162\" data-element_type=\"container\" data-e-type=\"container\">\n\t\t\t\t<div class=\"elementor-element elementor-element-1fefbc9f elementor-widget elementor-widget-heading\" data-id=\"1fefbc9f\" data-element_type=\"widget\" data-e-type=\"widget\" data-widget_type=\"heading.default\">\n\t\t\t\t<div class=\"elementor-widget-container\">\n\t\t\t\t\t<h2 class=\"elementor-heading-title elementor-size-default\">Mein Recht- Keine Gewalt!<\/h2>\t\t\t\t<\/div>\n\t\t\t\t<\/div>\n\t\t\t\t<div class=\"elementor-element elementor-element-675d401 elementor-widget elementor-widget-text-editor\" data-id=\"675d401\" data-element_type=\"widget\" data-e-type=\"widget\" data-widget_type=\"text-editor.default\">\n\t\t\t\t<div class=\"elementor-widget-container\">\n\t\t\t\t\t\t\t\t\t<p>Wir arbeiten nach dem Schutzkonzept des Vereins JUGEND &amp; FREIZEIT\u00a0<\/p><p>Wenn du Gewalt erlebt hast, ist bei Streetwork Linz-S\u00fcd Steffi deine Ansprechperson. Du kannst dich auch anonym \u00fcber unsere SCHUTZKONZEPTSEITE an uns wenden<\/p>\t\t\t\t\t\t\t\t<\/div>\n\t\t\t\t<\/div>\n\t\t\t\t<div class=\"elementor-element elementor-element-7e81bd70 elementor-align-center elementor-mobile-align-center elementor-widget elementor-widget-button\" data-id=\"7e81bd70\" data-element_type=\"widget\" data-e-type=\"widget\" data-widget_type=\"button.default\">\n\t\t\t\t<div class=\"elementor-widget-container\">\n\t\t\t\t\t\t\t\t\t<div class=\"elementor-button-wrapper\">\n\t\t\t\t\t<a class=\"elementor-button elementor-button-link elementor-size-sm\" href=\"http:\/\/www.vjf.at\/schutz\">\n\t\t\t\t\t\t<span class=\"elementor-button-content-wrapper\">\n\t\t\t\t\t\t\t\t\t<span class=\"elementor-button-text\">Schutzkonzept<\/span>\n\t\t\t\t\t<\/span>\n\t\t\t\t\t<\/a>\n\t\t\t\t<\/div>\n\t\t\t\t\t\t\t\t<\/div>\n\t\t\t\t<\/div>\n\t\t\t\t<\/div>\n\t\t\t\t<\/footer>\n\t\t\t\t<\/div>\n\t\t","protected":false},"excerpt":{"rendered":"<p>F\u00fcr wen ist Streetwork Linz-S\u00fcd Wenn du zwischen 12 und 25 Jahren bist, ist Streetwork Linz S\u00fcd f\u00fcr dich da. Wir sind regelm\u00e4\u00dfig im Stadtteil unterwegs und in unser Anlaufstelle in Kleinm\u00fcnchen\u00a0 f\u00fcr deine Anliegen da \u00d6ffnungszeiten: Streetwork Linz-S\u00fcd (12-24 Jahre): Dienstag: 10.00-12.00, Mittwoch: 14.00-16.00, Donnerstag: 16.00-18.00 06767730368 Dagmar 06767630001 Simon 06507730354 Steffi Unsere Angebote [&hellip;]<\/p>\n","protected":false},"author":1,"featured_media":0,"parent":0,"menu_order":0,"comment_status":"closed","ping_status":"closed","template":"","meta":{"_acf_changed":false,"footnotes":""},"class_list":["post-16","page","type-page","status-publish","hentry"],"acf":[],"_links":{"self":[{"href":"https:\/\/vjf.at\/streetworklinzsued\/wp-json\/wp\/v2\/pages\/16","targetHints":{"allow":["GET"]}}],"collection":[{"href":"https:\/\/vjf.at\/streetworklinzsued\/wp-json\/wp\/v2\/pages"}],"about":[{"href":"https:\/\/vjf.at\/streetworklinzsued\/wp-json\/wp\/v2\/types\/page"}],"author":[{"embeddable":true,"href":"https:\/\/vjf.at\/streetworklinzsued\/wp-json\/wp\/v2\/users\/1"}],"replies":[{"embeddable":true,"href":"https:\/\/vjf.at\/streetworklinzsued\/wp-json\/wp\/v2\/comments?post=16"}],"version-history":[{"count":22,"href":"https:\/\/vjf.at\/streetworklinzsued\/wp-json\/wp\/v2\/pages\/16\/revisions"}],"predecessor-version":[{"id":279,"href":"https:\/\/vjf.at\/streetworklinzsued\/wp-json\/wp\/v2\/pages\/16\/revisions\/279"}],"wp:attachment":[{"href":"https:\/\/vjf.at\/streetworklinzsued\/wp-json\/wp\/v2\/media?parent=16"}],"curies":[{"name":"wp","href":"https:\/\/api.w.org\/{rel}","templated":true}]}}