{"id":2886,"date":"2022-02-14T09:39:03","date_gmt":"2022-02-14T08:39:03","guid":{"rendered":"https:\/\/vjf.at\/netzwerk-sued\/?post_type=mec-events&#038;p=2886"},"modified":"2022-02-14T10:19:28","modified_gmt":"2022-02-14T09:19:28","slug":"mama-lernt-deutsch-fortgeschrittene","status":"publish","type":"mec-events","link":"https:\/\/vjf.at\/netzwerk-sued\/events\/mama-lernt-deutsch-fortgeschrittene\/","title":{"rendered":"Mama lernt Deutsch \/Anf\u00e4ngerinnen"},"content":{"rendered":"<p>F\u00fcr alle Frauen die\u00a0 gerne ihre Deutschkenntnisse verbessern m\u00f6chten,<\/p>\n<p>bietet das Institut f\u00fcr interkulturelle P\u00e4dagogik der Volkshochschule O\u00d6,im NETZWERK s\u00fcd die Kursreihe \u201eMama lernt Deutsch\u201c \/ Fortgeschrittene an.<\/p>\n<p>Kurszeiten sind:<\/p>\n<p>Dienstag: 10:45-12:45<\/p>\n<p>Es ist eine einmalige Einschreibgeb\u00fchr von \u20ac10 zu entrichten.<\/p>\n<p>Kinderbetreuung ist vor Ort, du kannst deine Kinder mitbringen, sie sind im Nebenraum untergebracht und werden professionell betreut,<br \/>\ndu kannst dich ganz aufs Lernen konzentrieren.<br \/>\nEinstieg ist jederzeit m\u00f6glich!<\/p>\n<p>Der Kurs \u201eMama lernt Deutsch\u201c wird vom Institut Interkulturelle P\u00e4dagogik, der Volkshochschule O\u00d6 angeboten.<\/p>\n","protected":false},"excerpt":{"rendered":"<p>F\u00fcr alle Frauen die\u00a0 gerne ihre Deutschkenntnisse verbessern m\u00f6chten, bietet das Institut f\u00fcr interkulturelle P\u00e4dagogik der Volkshochschule O\u00d6,im NETZWERK s\u00fcd die Kursreihe \u201eMama lernt Deutsch\u201c \/ Fortgeschrittene an. Kurszeiten sind: Dienstag: 10:45-12:45 Es ist eine einmalige Einschreibgeb\u00fchr von \u20ac10 zu entrichten. Kinderbetreuung ist vor Ort, du kannst deine Kinder mitbringen, sie sind im Nebenraum untergebracht [&hellip;]<\/p>\n","protected":false},"author":1,"featured_media":2878,"comment_status":"closed","ping_status":"closed","template":"","tags":[],"mec_category":[],"class_list":["post-2886","mec-events","type-mec-events","status-publish","has-post-thumbnail","hentry"],"acf":[],"_links":{"self":[{"href":"https:\/\/vjf.at\/netzwerk-sued\/wp-json\/wp\/v2\/mec-events\/2886","targetHints":{"allow":["GET"]}}],"collection":[{"href":"https:\/\/vjf.at\/netzwerk-sued\/wp-json\/wp\/v2\/mec-events"}],"about":[{"href":"https:\/\/vjf.at\/netzwerk-sued\/wp-json\/wp\/v2\/types\/mec-events"}],"author":[{"embeddable":true,"href":"https:\/\/vjf.at\/netzwerk-sued\/wp-json\/wp\/v2\/users\/1"}],"replies":[{"embeddable":true,"href":"https:\/\/vjf.at\/netzwerk-sued\/wp-json\/wp\/v2\/comments?post=2886"}],"version-history":[{"count":0,"href":"https:\/\/vjf.at\/netzwerk-sued\/wp-json\/wp\/v2\/mec-events\/2886\/revisions"}],"wp:featuredmedia":[{"embeddable":true,"href":"https:\/\/vjf.at\/netzwerk-sued\/wp-json\/wp\/v2\/media\/2878"}],"wp:attachment":[{"href":"https:\/\/vjf.at\/netzwerk-sued\/wp-json\/wp\/v2\/media?parent=2886"}],"wp:term":[{"taxonomy":"post_tag","embeddable":true,"href":"https:\/\/vjf.at\/netzwerk-sued\/wp-json\/wp\/v2\/tags?post=2886"},{"taxonomy":"mec_category","embeddable":true,"href":"https:\/\/vjf.at\/netzwerk-sued\/wp-json\/wp\/v2\/mec_category?post=2886"}],"curies":[{"name":"wp","href":"https:\/\/api.w.org\/{rel}","templated":true}]}}

Mama lernt Deutsch /Anfängerinnen

<p>Für alle Frauen die  gerne ihre Deutschkenntnisse verbessern möchten,</p>
<p>bietet das Institut für interkulturelle Pädagogik der Volkshochschule OÖ,im NETZWERK süd die Kursreihe „Mama lernt Deutsch“ / Fortgeschrittene an.</p>
<p>Kurszeiten sind:</p>
<p>Dienstag: 10:45-12:45</p>
<p>Es ist eine einmalige Einschreibgebühr von €10 zu entrichten.</p>
<p>Kinderbetreuung ist vor Ort, du kannst deine Kinder mitbringen, sie sind im Nebenraum untergebracht und werden professionell betreut,<br />
du kannst dich ganz aufs Lernen konzentrieren.<br />
Einstieg ist jederzeit möglich!</p>
<p>Der Kurs „Mama lernt Deutsch“ wird vom Institut Interkulturelle Pädagogik, der Volkshochschule OÖ angeboten.</p>

<p>Für alle Frauen die  gerne ihre Deutschkenntnisse verbessern möchten, bietet das Institut für interkulturelle Pädagogik der Volkshochschule OÖ,im NETZWERK süd die Kursreihe „Mama lernt Deutsch“ / Fortgeschrittene an. Kurszeiten sind: Dienstag: 10:45-12:45 Es ist eine einmalige Einschreibgebühr von €10 zu entrichten. Kinderbetreuung ist vor Ort, du kannst deine Kinder mitbringen, sie sind im Nebenraum untergebracht [&hellip;]</p>
