{"id":2877,"date":"2022-01-18T14:17:55","date_gmt":"2022-01-18T13:17:55","guid":{"rendered":"https:\/\/vjf.at\/netzwerk-sued\/?post_type=mec-events&#038;p=2877"},"modified":"2022-02-14T10:19:54","modified_gmt":"2022-02-14T09:19:54","slug":"mama-lernt-deutsch","status":"publish","type":"mec-events","link":"https:\/\/vjf.at\/netzwerk-sued\/events\/mama-lernt-deutsch\/","title":{"rendered":"Mama lernt Deutsch\/ Fortgeschrittene"},"content":{"rendered":"<p>F\u00fcr alle Frauen die gerne Deutsch lernen m\u00f6chten.<br \/>\nBietet das Institut f\u00fcr interkulturelle P\u00e4dagogik der Volkshochschule O\u00d6, im NETZWERK s\u00fcd die Kursreihe &#8222;Mama lernt Deutsch&#8220; an.<br \/>\nEs ist eine einmalige Einschreibgeb\u00fchr von \u20ac10 zu entrichten.<br \/>\nKinderbetreuung ist vor Ort, du kannst deine Kinder mitbringen, sie sind im Nebenraum untergebracht und werden professionell betreut, du kannst dich ganz aufs Lernen konzentrieren. Einstieg ist jederzeit m\u00f6glich!<br \/>\nMehr Information, findest du <a href=\"https:\/\/www.vhs-interkulturell.at\/mama-lernt-deutsch\/\">hier.<\/a><\/p>\n","protected":false},"excerpt":{"rendered":"<p>F\u00fcr alle Frauen die gerne Deutsch lernen m\u00f6chten. Bietet das Institut f\u00fcr interkulturelle P\u00e4dagogik der Volkshochschule O\u00d6, im NETZWERK s\u00fcd die Kursreihe &#8222;Mama lernt Deutsch&#8220; an. Es ist eine einmalige Einschreibgeb\u00fchr von \u20ac10 zu entrichten. Kinderbetreuung ist vor Ort, du kannst deine Kinder mitbringen, sie sind im Nebenraum untergebracht und werden professionell betreut, du kannst [&hellip;]<\/p>\n","protected":false},"author":1,"featured_media":2878,"comment_status":"closed","ping_status":"closed","template":"","tags":[],"mec_category":[],"class_list":["post-2877","mec-events","type-mec-events","status-publish","has-post-thumbnail","hentry"],"acf":[],"_links":{"self":[{"href":"https:\/\/vjf.at\/netzwerk-sued\/wp-json\/wp\/v2\/mec-events\/2877","targetHints":{"allow":["GET"]}}],"collection":[{"href":"https:\/\/vjf.at\/netzwerk-sued\/wp-json\/wp\/v2\/mec-events"}],"about":[{"href":"https:\/\/vjf.at\/netzwerk-sued\/wp-json\/wp\/v2\/types\/mec-events"}],"author":[{"embeddable":true,"href":"https:\/\/vjf.at\/netzwerk-sued\/wp-json\/wp\/v2\/users\/1"}],"replies":[{"embeddable":true,"href":"https:\/\/vjf.at\/netzwerk-sued\/wp-json\/wp\/v2\/comments?post=2877"}],"version-history":[{"count":0,"href":"https:\/\/vjf.at\/netzwerk-sued\/wp-json\/wp\/v2\/mec-events\/2877\/revisions"}],"wp:featuredmedia":[{"embeddable":true,"href":"https:\/\/vjf.at\/netzwerk-sued\/wp-json\/wp\/v2\/media\/2878"}],"wp:attachment":[{"href":"https:\/\/vjf.at\/netzwerk-sued\/wp-json\/wp\/v2\/media?parent=2877"}],"wp:term":[{"taxonomy":"post_tag","embeddable":true,"href":"https:\/\/vjf.at\/netzwerk-sued\/wp-json\/wp\/v2\/tags?post=2877"},{"taxonomy":"mec_category","embeddable":true,"href":"https:\/\/vjf.at\/netzwerk-sued\/wp-json\/wp\/v2\/mec_category?post=2877"}],"curies":[{"name":"wp","href":"https:\/\/api.w.org\/{rel}","templated":true}]}}

<p>Für alle Frauen die gerne Deutsch lernen möchten.<br />
Bietet das Institut für interkulturelle Pädagogik der Volkshochschule OÖ, im NETZWERK süd die Kursreihe &#8222;Mama lernt Deutsch&#8220; an.<br />
Es ist eine einmalige Einschreibgebühr von €10 zu entrichten.<br />
Kinderbetreuung ist vor Ort, du kannst deine Kinder mitbringen, sie sind im Nebenraum untergebracht und werden professionell betreut, du kannst dich ganz aufs Lernen konzentrieren. Einstieg ist jederzeit möglich!<br />
Mehr Information, findest du <a href="https://www.vhs-interkulturell.at/mama-lernt-deutsch/">hier.</a></p>

<p>Für alle Frauen die gerne Deutsch lernen möchten. Bietet das Institut für interkulturelle Pädagogik der Volkshochschule OÖ, im NETZWERK süd die Kursreihe &#8222;Mama lernt Deutsch&#8220; an. Es ist eine einmalige Einschreibgebühr von €10 zu entrichten. Kinderbetreuung ist vor Ort, du kannst deine Kinder mitbringen, sie sind im Nebenraum untergebracht und werden professionell betreut, du kannst [&hellip;]</p>
