{"id":6362,"date":"2024-10-04T15:03:21","date_gmt":"2024-10-04T13:03:21","guid":{"rendered":"https:\/\/vjf.at\/franx\/?post_type=mec-events&#038;p=6362"},"modified":"2024-10-04T15:03:22","modified_gmt":"2024-10-04T13:03:22","slug":"weltmaedchentag-2024-maedchenkino-im-franx","status":"publish","type":"mec-events","link":"https:\/\/vjf.at\/franx\/events\/weltmaedchentag-2024-maedchenkino-im-franx\/","title":{"rendered":"Weltm\u00e4dchentag 2024 | M\u00e4dchenkino im FRANX"},"content":{"rendered":"\n<p>Am Freitag, den 11. Oktober 2024 ist Weltm\u00e4dchentag. Zur Feier des Tages gibt es im veranstaltungsraum den ganzen Nachmittag ein M\u00e4dchenkino.<\/p>\n\n\n\n<p>um ca. 16 Uhr startet Ghostbusters<br>um ca. 18 uhr startet ein Film f\u00fcr die \u00e4lteren Besucherinnen<\/p>\n\n\n\n<p>Passend dazu teilen wir demn\u00e4chst Einladungen und Gutscheine f\u00fcr den Kinonachmittag aus. Es wird Popcorn und Jugend-Cocktails geben. Wiuhuuuu<\/p>\n\n\n\n<p>Wir freuen uns auf euren Besuch!<\/p>\n\n\n\n<figure class=\"wp-block-image size-large\"><a href=\"https:\/\/vjf.at\/franx\/wp-content\/uploads\/sites\/15\/2024\/10\/286.png\"><img decoding=\"async\" src=\"https:\/\/vjf.at\/franx\/wp-content\/uploads\/sites\/15\/2024\/10\/286-1024x1024.png\" alt=\"\" class=\"wp-image-6353\" \/><\/a><\/figure>\n\n\n\n<p><a href=\"https:\/\/www.instagram.com\/explore\/tags\/juzfranx\/?hl=de\">#juzfranx<\/a><a href=\"https:\/\/www.instagram.com\/explore\/tags\/jugendzentrum\/?hl=de\">#jugendzentrum<\/a><a href=\"https:\/\/www.instagram.com\/explore\/tags\/franxm%C3%A4dchen\/?hl=de\">#franxm\u00e4dchen<\/a><a href=\"https:\/\/www.instagram.com\/explore\/tags\/offenejugendarbeit\/?hl=de\">#offenejugendarbeit<\/a><a href=\"https:\/\/www.instagram.com\/explore\/tags\/linz\/?hl=de\">#linz<\/a><a href=\"https:\/\/www.instagram.com\/explore\/tags\/franckviertel\/?hl=de\">#franckviertel<\/a><a href=\"https:\/\/www.instagram.com\/explore\/tags\/weltm%C3%A4dchentag2024\/?hl=de\">#weltm\u00e4dchentag2024<\/a><\/p>\n","protected":false},"excerpt":{"rendered":"<p>Am Freitag, den 11. Oktober 2024 ist Weltm\u00e4dchentag. Zur Feier des Tages gibt es im veranstaltungsraum den ganzen Nachmittag ein M\u00e4dchenkino. um ca. 16 Uhr startet Ghostbustersum ca. 18 uhr startet ein Film f\u00fcr die \u00e4lteren Besucherinnen Passend dazu teilen wir demn\u00e4chst Einladungen und Gutscheine f\u00fcr den Kinonachmittag aus. Es wird Popcorn und Jugend-Cocktails geben. [&hellip;]<\/p>\n","protected":false},"author":12,"featured_media":0,"comment_status":"closed","ping_status":"closed","template":"","tags":[97,51,80,42,50],"mec_category":[401,406,402],"class_list":["post-6362","mec-events","type-mec-events","status-publish","hentry","tag-franckviertel","tag-franx","tag-jugendzentrum","tag-juz","tag-linz","mec_category-girlz-only","mec_category-medien-technik","mec_category-musik-konzert"],"acf":[],"_links":{"self":[{"href":"https:\/\/vjf.at\/franx\/wp-json\/wp\/v2\/mec-events\/6362","targetHints":{"allow":["GET"]}}],"collection":[{"href":"https:\/\/vjf.at\/franx\/wp-json\/wp\/v2\/mec-events"}],"about":[{"href":"https:\/\/vjf.at\/franx\/wp-json\/wp\/v2\/types\/mec-events"}],"author":[{"embeddable":true,"href":"https:\/\/vjf.at\/franx\/wp-json\/wp\/v2\/users\/12"}],"replies":[{"embeddable":true,"href":"https:\/\/vjf.at\/franx\/wp-json\/wp\/v2\/comments?post=6362"}],"version-history":[{"count":0,"href":"https:\/\/vjf.at\/franx\/wp-json\/wp\/v2\/mec-events\/6362\/revisions"}],"wp:attachment":[{"href":"https:\/\/vjf.at\/franx\/wp-json\/wp\/v2\/media?parent=6362"}],"wp:term":[{"taxonomy":"post_tag","embeddable":true,"href":"https:\/\/vjf.at\/franx\/wp-json\/wp\/v2\/tags?post=6362"},{"taxonomy":"mec_category","embeddable":true,"href":"https:\/\/vjf.at\/franx\/wp-json\/wp\/v2\/mec_category?post=6362"}],"curies":[{"name":"wp","href":"https:\/\/api.w.org\/{rel}","templated":true}]}}

Weltmädchentag 2024 | Mädchenkino im FRANX

<p>Am Freitag, den 11. Oktober 2024 ist Weltmädchentag. Zur Feier des Tages gibt es im veranstaltungsraum den ganzen Nachmittag ein Mädchenkino.</p>



<p>um ca. 16 Uhr startet Ghostbusters<br>um ca. 18 uhr startet ein Film für die älteren Besucherinnen</p>



<p>Passend dazu teilen wir demnächst Einladungen und Gutscheine für den Kinonachmittag aus. Es wird Popcorn und Jugend-Cocktails geben. Wiuhuuuu</p>



<p>Wir freuen uns auf euren Besuch!</p>



<figure class="wp-block-image size-large"><a href="https://vjf.at/franx/wp-content/uploads/sites/15/2024/10/286.png"><img decoding="async" src="https://vjf.at/franx/wp-content/uploads/sites/15/2024/10/286-1024x1024.png" alt="" class="wp-image-6353" /></a></figure>



<p><a href="https://www.instagram.com/explore/tags/juzfranx/?hl=de">#juzfranx</a><a href="https://www.instagram.com/explore/tags/jugendzentrum/?hl=de">#jugendzentrum</a><a href="https://www.instagram.com/explore/tags/franxm%C3%A4dchen/?hl=de">#franxmädchen</a><a href="https://www.instagram.com/explore/tags/offenejugendarbeit/?hl=de">#offenejugendarbeit</a><a href="https://www.instagram.com/explore/tags/linz/?hl=de">#linz</a><a href="https://www.instagram.com/explore/tags/franckviertel/?hl=de">#franckviertel</a><a href="https://www.instagram.com/explore/tags/weltm%C3%A4dchentag2024/?hl=de">#weltmädchentag2024</a></p>

<p>Am Freitag, den 11. Oktober 2024 ist Weltmädchentag. Zur Feier des Tages gibt es im veranstaltungsraum den ganzen Nachmittag ein Mädchenkino. um ca. 16 Uhr startet Ghostbustersum ca. 18 uhr startet ein Film für die älteren Besucherinnen Passend dazu teilen wir demnächst Einladungen und Gutscheine für den Kinonachmittag aus. Es wird Popcorn und Jugend-Cocktails geben. [&hellip;]</p>
