{"id":5835,"date":"2023-10-27T16:14:39","date_gmt":"2023-10-27T14:14:39","guid":{"rendered":"https:\/\/vjf.at\/franx\/?post_type=mec-events&#038;p=5835"},"modified":"2023-10-27T16:14:40","modified_gmt":"2023-10-27T14:14:40","slug":"boyzday-2023rollentausch-im-jugendzentrum","status":"publish","type":"mec-events","link":"https:\/\/vjf.at\/franx\/events\/boyzday-2023rollentausch-im-jugendzentrum\/","title":{"rendered":"Boyzday 2023|Rollentausch im Jugendzentrum"},"content":{"rendered":"\n<p>Juhuuu&#8230; der Boyzday r\u00fcckt n\u00e4her&#8230;.<\/p>\n\n\n\n<p>Wir suchen wieder zwei Freiwillige (Jungs), die im Rahmen des Boyzday in die Rolle des Jugendarbeiters schl\u00fcpfen wollen.<\/p>\n\n\n\n<p>3..2..1..Rollentausch!<\/p>\n\n\n\n<p>Samstag 11.11. von 16 &#8211; 20 Uhr<\/p>\n\n\n\n<p>Davor gibt es im JUZ Frage\/Antwortstunde von Benedikt und Martin zum Thema &#8222;Job als Jugendarbeiter&#8220;<\/p>\n\n\n\n<p>Also, willst du f\u00fcr einen tag Jugendarbeiter sein? Dann meld dich bei uns.<\/p>\n\n\n\n<figure class=\"wp-block-gallery has-nested-images columns-default is-cropped wp-block-gallery-1 is-layout-flex wp-block-gallery-is-layout-flex\">\n<figure class=\"wp-block-image size-large\"><a href=\"https:\/\/vjf.at\/franx\/wp-content\/uploads\/sites\/15\/2023\/10\/263.png\"><img decoding=\"async\" data-id=\"5837\" src=\"https:\/\/vjf.at\/franx\/wp-content\/uploads\/sites\/15\/2023\/10\/263-1024x1024.png\" alt=\"\" class=\"wp-image-5837\" \/><\/a><\/figure>\n\n\n\n<figure class=\"wp-block-image size-large\"><a href=\"https:\/\/vjf.at\/franx\/wp-content\/uploads\/sites\/15\/2023\/10\/341.png\"><img decoding=\"async\" data-id=\"5838\" src=\"https:\/\/vjf.at\/franx\/wp-content\/uploads\/sites\/15\/2023\/10\/341-1024x1024.png\" alt=\"\" class=\"wp-image-5838\" \/><\/a><\/figure>\n<\/figure>\n\n\n\n<p><a href=\"https:\/\/www.instagram.com\/explore\/tags\/juzfranx\/?hl=de\">#juzfranx<\/a><a href=\"https:\/\/www.instagram.com\/explore\/tags\/jugendzentrum\/?hl=de\">#jugendzentrum<\/a><a href=\"https:\/\/www.instagram.com\/explore\/tags\/offenejugendarbeit\/?hl=de\">#offenejugendarbeit<\/a><a href=\"https:\/\/www.instagram.com\/explore\/tags\/mobilejugendarbeit\/?hl=de\">#mobilejugendarbeit<\/a><a href=\"https:\/\/www.instagram.com\/explore\/tags\/sozialraumarbeit\/?hl=de\">#sozialraumarbeit<\/a><a href=\"https:\/\/www.instagram.com\/explore\/tags\/boyzday\/?hl=de\">#boyzday<\/a><a href=\"https:\/\/www.instagram.com\/explore\/tags\/boyzday2023\/?hl=de\">#boyzday2023<\/a><a href=\"https:\/\/www.instagram.com\/explore\/tags\/linz\/?hl=de\">#linz<\/a><a href=\"https:\/\/www.instagram.com\/explore\/tags\/franckviertel\/?hl=de\">#franckviertel<\/a><\/p>\n","protected":false},"excerpt":{"rendered":"<p>Juhuuu&#8230; der Boyzday r\u00fcckt n\u00e4her&#8230;. Wir suchen wieder zwei Freiwillige (Jungs), die im Rahmen des Boyzday in die Rolle des Jugendarbeiters schl\u00fcpfen wollen. 3..2..1..Rollentausch! Samstag 11.11. von 16 &#8211; 20 Uhr Davor gibt es im JUZ Frage\/Antwortstunde von Benedikt und Martin zum Thema &#8222;Job als Jugendarbeiter&#8220; Also, willst du f\u00fcr einen tag Jugendarbeiter sein? Dann [&hellip;]<\/p>\n","protected":false},"author":12,"featured_media":0,"comment_status":"closed","ping_status":"closed","template":"","tags":[97,80,42,50,128],"mec_category":[403,399,499],"class_list":["post-5835","mec-events","type-mec-events","status-publish","hentry","tag-franckviertel","tag-jugendzentrum","tag-juz","tag-linz","tag-workshop","mec_category-information","mec_category-spiel-und-spass","mec_category-workshop"],"acf":[],"_links":{"self":[{"href":"https:\/\/vjf.at\/franx\/wp-json\/wp\/v2\/mec-events\/5835","targetHints":{"allow":["GET"]}}],"collection":[{"href":"https:\/\/vjf.at\/franx\/wp-json\/wp\/v2\/mec-events"}],"about":[{"href":"https:\/\/vjf.at\/franx\/wp-json\/wp\/v2\/types\/mec-events"}],"author":[{"embeddable":true,"href":"https:\/\/vjf.at\/franx\/wp-json\/wp\/v2\/users\/12"}],"replies":[{"embeddable":true,"href":"https:\/\/vjf.at\/franx\/wp-json\/wp\/v2\/comments?post=5835"}],"version-history":[{"count":0,"href":"https:\/\/vjf.at\/franx\/wp-json\/wp\/v2\/mec-events\/5835\/revisions"}],"wp:attachment":[{"href":"https:\/\/vjf.at\/franx\/wp-json\/wp\/v2\/media?parent=5835"}],"wp:term":[{"taxonomy":"post_tag","embeddable":true,"href":"https:\/\/vjf.at\/franx\/wp-json\/wp\/v2\/tags?post=5835"},{"taxonomy":"mec_category","embeddable":true,"href":"https:\/\/vjf.at\/franx\/wp-json\/wp\/v2\/mec_category?post=5835"}],"curies":[{"name":"wp","href":"https:\/\/api.w.org\/{rel}","templated":true}]}}

<p>Juhuuu&#8230; der Boyzday rückt näher&#8230;.</p>



<p>Wir suchen wieder zwei Freiwillige (Jungs), die im Rahmen des Boyzday in die Rolle des Jugendarbeiters schlüpfen wollen.</p>



<p>3..2..1..Rollentausch!</p>



<p>Samstag 11.11. von 16 &#8211; 20 Uhr</p>



<p>Davor gibt es im JUZ Frage/Antwortstunde von Benedikt und Martin zum Thema &#8222;Job als Jugendarbeiter&#8220;</p>



<p>Also, willst du für einen tag Jugendarbeiter sein? Dann meld dich bei uns.</p>



<figure class="wp-block-gallery has-nested-images columns-default is-cropped wp-block-gallery-1 is-layout-flex wp-block-gallery-is-layout-flex">
<figure class="wp-block-image size-large"><a href="https://vjf.at/franx/wp-content/uploads/sites/15/2023/10/263.png"><img decoding="async" data-id="5837" src="https://vjf.at/franx/wp-content/uploads/sites/15/2023/10/263-1024x1024.png" alt="" class="wp-image-5837" /></a></figure>



<figure class="wp-block-image size-large"><a href="https://vjf.at/franx/wp-content/uploads/sites/15/2023/10/341.png"><img decoding="async" data-id="5838" src="https://vjf.at/franx/wp-content/uploads/sites/15/2023/10/341-1024x1024.png" alt="" class="wp-image-5838" /></a></figure>
</figure>



<p><a href="https://www.instagram.com/explore/tags/juzfranx/?hl=de">#juzfranx</a><a href="https://www.instagram.com/explore/tags/jugendzentrum/?hl=de">#jugendzentrum</a><a href="https://www.instagram.com/explore/tags/offenejugendarbeit/?hl=de">#offenejugendarbeit</a><a href="https://www.instagram.com/explore/tags/mobilejugendarbeit/?hl=de">#mobilejugendarbeit</a><a href="https://www.instagram.com/explore/tags/sozialraumarbeit/?hl=de">#sozialraumarbeit</a><a href="https://www.instagram.com/explore/tags/boyzday/?hl=de">#boyzday</a><a href="https://www.instagram.com/explore/tags/boyzday2023/?hl=de">#boyzday2023</a><a href="https://www.instagram.com/explore/tags/linz/?hl=de">#linz</a><a href="https://www.instagram.com/explore/tags/franckviertel/?hl=de">#franckviertel</a></p>

<p>Juhuuu&#8230; der Boyzday rückt näher&#8230;. Wir suchen wieder zwei Freiwillige (Jungs), die im Rahmen des Boyzday in die Rolle des Jugendarbeiters schlüpfen wollen. 3..2..1..Rollentausch! Samstag 11.11. von 16 &#8211; 20 Uhr Davor gibt es im JUZ Frage/Antwortstunde von Benedikt und Martin zum Thema &#8222;Job als Jugendarbeiter&#8220; Also, willst du für einen tag Jugendarbeiter sein? Dann [&hellip;]</p>
