{"id":5015,"date":"2022-05-31T13:19:10","date_gmt":"2022-05-31T11:19:10","guid":{"rendered":"https:\/\/vjf.at\/franx\/?post_type=mec-events&#038;p=5015"},"modified":"2022-05-31T13:20:04","modified_gmt":"2022-05-31T11:20:04","slug":"fitness-workout-im-ing-stern-park-teil-2%ef%bf%bc","status":"publish","type":"mec-events","link":"https:\/\/vjf.at\/franx\/events\/fitness-workout-im-ing-stern-park-teil-2%ef%bf%bc\/","title":{"rendered":"Fitness Workout im Ing. Stern Park Teil 2\ufffc"},"content":{"rendered":"\n<p>Heute gibt es wieder Training an den kraft- und Motorik-Stationen. Zus\u00e4tzlich haben wir f\u00fcr 1h die M\u00f6glichkeit mit Christian vom Komm B\u00fcro wichtige Infos zum Thema Gesundheit und Training auszutauschen.<\/p>\n","protected":false},"excerpt":{"rendered":"<p>Heute gibt es wieder Training an den kraft- und Motorik-Stationen. Zus\u00e4tzlich haben wir f\u00fcr 1h die M\u00f6glichkeit mit Christian vom Komm B\u00fcro wichtige Infos zum Thema Gesundheit und Training auszutauschen.<\/p>\n","protected":false},"author":12,"featured_media":0,"comment_status":"closed","ping_status":"closed","template":"","tags":[97,80,104],"mec_category":[408],"class_list":["post-5015","mec-events","type-mec-events","status-publish","hentry","tag-franckviertel","tag-jugendzentrum","tag-sozialraum","mec_category-fun-in-the-city"],"acf":[],"_links":{"self":[{"href":"https:\/\/vjf.at\/franx\/wp-json\/wp\/v2\/mec-events\/5015","targetHints":{"allow":["GET"]}}],"collection":[{"href":"https:\/\/vjf.at\/franx\/wp-json\/wp\/v2\/mec-events"}],"about":[{"href":"https:\/\/vjf.at\/franx\/wp-json\/wp\/v2\/types\/mec-events"}],"author":[{"embeddable":true,"href":"https:\/\/vjf.at\/franx\/wp-json\/wp\/v2\/users\/12"}],"replies":[{"embeddable":true,"href":"https:\/\/vjf.at\/franx\/wp-json\/wp\/v2\/comments?post=5015"}],"version-history":[{"count":0,"href":"https:\/\/vjf.at\/franx\/wp-json\/wp\/v2\/mec-events\/5015\/revisions"}],"wp:attachment":[{"href":"https:\/\/vjf.at\/franx\/wp-json\/wp\/v2\/media?parent=5015"}],"wp:term":[{"taxonomy":"post_tag","embeddable":true,"href":"https:\/\/vjf.at\/franx\/wp-json\/wp\/v2\/tags?post=5015"},{"taxonomy":"mec_category","embeddable":true,"href":"https:\/\/vjf.at\/franx\/wp-json\/wp\/v2\/mec_category?post=5015"}],"curies":[{"name":"wp","href":"https:\/\/api.w.org\/{rel}","templated":true}]}}

<p>Heute gibt es wieder Training an den kraft- und Motorik-Stationen. Zusätzlich haben wir für 1h die Möglichkeit mit Christian vom Komm Büro wichtige Infos zum Thema Gesundheit und Training auszutauschen.</p>
