{"id":9269,"date":"2025-08-27T14:51:49","date_gmt":"2025-08-27T12:51:49","guid":{"rendered":"https:\/\/vjf.at\/fjutscharama\/?page_id=9269"},"modified":"2025-09-09T11:12:14","modified_gmt":"2025-09-09T09:12:14","slug":"kontakt","status":"publish","type":"page","link":"https:\/\/vjf.at\/fjutscharama\/?page_id=9269","title":{"rendered":"Kontakt"},"content":{"rendered":"\t\t<div data-elementor-type=\"wp-page\" data-elementor-id=\"9269\" class=\"elementor elementor-9269\" data-elementor-post-type=\"page\">\n\t\t\t\t<header class=\"elementor-element elementor-element-29fa3a87 e-con-full e-flex e-con e-parent\" data-id=\"29fa3a87\" data-element_type=\"container\" data-e-type=\"container\">\n\t\t<div class=\"elementor-element elementor-element-7bdcf268 e-con-full e-flex e-con e-child\" data-id=\"7bdcf268\" data-element_type=\"container\" data-e-type=\"container\">\n\t\t\t\t<div class=\"elementor-element elementor-element-7fe7bab8 elementor-widget__width-initial elementor-widget elementor-widget-image\" data-id=\"7fe7bab8\" data-element_type=\"widget\" data-e-type=\"widget\" data-widget_type=\"image.default\">\n\t\t\t\t<div class=\"elementor-widget-container\">\n\t\t\t\t\t\t\t\t\t\t\t\t\t\t\t<img fetchpriority=\"high\" decoding=\"async\" width=\"907\" height=\"331\" src=\"https:\/\/vjf.at\/fjutscharama\/wp-content\/uploads\/sites\/10\/2024\/10\/Fjutscha_web.png\" class=\"attachment-full size-full wp-image-8673\" alt=\"\" srcset=\"https:\/\/vjf.at\/fjutscharama\/wp-content\/uploads\/sites\/10\/2024\/10\/Fjutscha_web.png 907w, https:\/\/vjf.at\/fjutscharama\/wp-content\/uploads\/sites\/10\/2024\/10\/Fjutscha_web-768x280.png 768w\" sizes=\"(max-width: 907px) 100vw, 907px\" \/>\t\t\t\t\t\t\t\t\t\t\t\t\t\t\t<\/div>\n\t\t\t\t<\/div>\n\t\t\t\t<\/div>\n\t\t\t\t<\/header>\n\t\t<div class=\"elementor-element elementor-element-e3fb442 e-con-full e-flex e-con e-parent\" data-id=\"e3fb442\" data-element_type=\"container\" data-e-type=\"container\">\n\t\t<div class=\"elementor-element elementor-element-664c1102 e-con-full e-flex e-con e-child\" data-id=\"664c1102\" data-element_type=\"container\" data-e-type=\"container\">\n\t\t\t\t<div class=\"elementor-element elementor-element-78877969 elementor-widget elementor-widget-heading\" data-id=\"78877969\" data-element_type=\"widget\" data-e-type=\"widget\" data-widget_type=\"heading.default\">\n\t\t\t\t<div class=\"elementor-widget-container\">\n\t\t\t\t\t<h1 class=\"elementor-heading-title elementor-size-default\">Kontaktiere uns<\/h1>\t\t\t\t<\/div>\n\t\t\t\t<\/div>\n\t\t\t\t<div class=\"elementor-element elementor-element-3a10b9ee elementor-widget elementor-widget-text-editor\" data-id=\"3a10b9ee\" data-element_type=\"widget\" data-e-type=\"widget\" data-widget_type=\"text-editor.default\">\n\t\t\t\t<div class=\"elementor-widget-container\">\n\t\t\t\t\t\t\t\t\t<p>Wir freuen uns, wenn du uns kontaktierst, oder zu den \u00d6ffnungszeiten im Jugendzentrum vorbeischaust.<\/p>\t\t\t\t\t\t\t\t<\/div>\n\t\t\t\t<\/div>\n\t\t\t\t<\/div>\n\t\t<div class=\"elementor-element elementor-element-20039c1f e-con-full e-flex e-con e-child\" data-id=\"20039c1f\" data-element_type=\"container\" data-e-type=\"container\" data-settings=\"{&quot;background_background&quot;:&quot;classic&quot;}\">\n\t\t\t\t<div class=\"elementor-element elementor-element-7a4cc0cd elementor-widget elementor-widget-image\" data-id=\"7a4cc0cd\" data-element_type=\"widget\" data-e-type=\"widget\" data-widget_type=\"image.default\">\n\t\t\t\t<div class=\"elementor-widget-container\">\n\t\t\t\t\t\t\t\t\t\t\t\t\t\t\t<img decoding=\"async\" width=\"1000\" height=\"866\" src=\"https:\/\/vjf.at\/fjutscharama\/wp-content\/uploads\/sites\/10\/2024\/05\/fjutscha_contact.png\" class=\"attachment-full size-full wp-image-9238\" alt=\"\" srcset=\"https:\/\/vjf.at\/fjutscharama\/wp-content\/uploads\/sites\/10\/2024\/05\/fjutscha_contact.png 1000w, https:\/\/vjf.at\/fjutscharama\/wp-content\/uploads\/sites\/10\/2024\/05\/fjutscha_contact-768x665.png 768w\" sizes=\"(max-width: 1000px) 100vw, 1000px\" \/>\t\t\t\t\t\t\t\t\t\t\t\t\t\t\t<\/div>\n\t\t\t\t<\/div>\n\t\t\t\t<\/div>\n\t\t\t\t<\/div>\n\t\t<div class=\"elementor-element elementor-element-b3bafa e-con-full e-flex e-con e-parent\" data-id=\"b3bafa\" data-element_type=\"container\" data-e-type=\"container\" data-settings=\"{&quot;background_background&quot;:&quot;classic&quot;}\">\n\t\t<div class=\"elementor-element elementor-element-602cac94 e-con-full e-flex e-con e-child\" data-id=\"602cac94\" data-element_type=\"container\" data-e-type=\"container\">\n\t\t\t\t<div class=\"elementor-element elementor-element-1d60a136 elementor-widget elementor-widget-image\" data-id=\"1d60a136\" data-element_type=\"widget\" data-e-type=\"widget\" data-widget_type=\"image.default\">\n\t\t\t\t<div class=\"elementor-widget-container\">\n\t\t\t\t\t\t\t\t\t\t\t\t\t\t\t<img decoding=\"async\" width=\"800\" height=\"451\" src=\"https:\/\/vjf.at\/fjutscharama\/wp-content\/uploads\/sites\/10\/2025\/08\/Fjutscha_header_1-1500x846.png\" class=\"attachment-large size-large wp-image-9244\" alt=\"\" srcset=\"https:\/\/vjf.at\/fjutscharama\/wp-content\/uploads\/sites\/10\/2025\/08\/Fjutscha_header_1-1500x846.png 1500w, https:\/\/vjf.at\/fjutscharama\/wp-content\/uploads\/sites\/10\/2025\/08\/Fjutscha_header_1-768x433.png 768w, https:\/\/vjf.at\/fjutscharama\/wp-content\/uploads\/sites\/10\/2025\/08\/Fjutscha_header_1-1536x866.png 1536w, https:\/\/vjf.at\/fjutscharama\/wp-content\/uploads\/sites\/10\/2025\/08\/Fjutscha_header_1.png 2000w\" sizes=\"(max-width: 800px) 100vw, 800px\" \/>\t\t\t\t\t\t\t\t\t\t\t\t\t\t\t<\/div>\n\t\t\t\t<\/div>\n\t\t\t\t<\/div>\n\t\t<div class=\"elementor-element elementor-element-7a6f195e e-con-full e-flex e-con e-child\" data-id=\"7a6f195e\" data-element_type=\"container\" data-e-type=\"container\">\n\t\t\t\t<div class=\"elementor-element elementor-element-4eda5b2b elementor-align-start elementor-icon-list--layout-traditional elementor-list-item-link-full_width elementor-widget elementor-widget-icon-list\" data-id=\"4eda5b2b\" data-element_type=\"widget\" data-e-type=\"widget\" data-widget_type=\"icon-list.default\">\n\t\t\t\t<div class=\"elementor-widget-container\">\n\t\t\t\t\t\t\t<ul class=\"elementor-icon-list-items\">\n\t\t\t\t\t\t\t<li class=\"elementor-icon-list-item\">\n\t\t\t\t\t\t\t\t\t\t<span class=\"elementor-icon-list-text\"><b>Adresse:<\/b> Scharm\u00fchlwinkel 13<\/span>\n\t\t\t\t\t\t\t\t\t<\/li>\n\t\t\t\t\t\t\t\t<li class=\"elementor-icon-list-item\">\n\t\t\t\t\t\t\t\t\t\t<span class=\"elementor-icon-list-text\"><b>\u00d6ffnungszeiten:<\/b> Di - Mi: 13.30 - 19.30, Samstag 14.00 - 20.00<\/span>\n\t\t\t\t\t\t\t\t\t<\/li>\n\t\t\t\t\t\t\t\t<li class=\"elementor-icon-list-item\">\n\t\t\t\t\t\t\t\t\t\t<span class=\"elementor-icon-list-text\"><b>Telefon:<\/b> 0043 6507730347<\/span>\n\t\t\t\t\t\t\t\t\t<\/li>\n\t\t\t\t\t\t\t\t<li class=\"elementor-icon-list-item\">\n\t\t\t\t\t\t\t\t\t\t<span class=\"elementor-icon-list-text\"><b>Email:<\/b> fjutscharama@vjf.at<\/span>\n\t\t\t\t\t\t\t\t\t<\/li>\n\t\t\t\t\t\t<\/ul>\n\t\t\t\t\t\t<\/div>\n\t\t\t\t<\/div>\n\t\t\t\t<\/div>\n\t\t\t\t<\/div>\n\t\t<div class=\"elementor-element elementor-element-2ef2e6e2 e-con-full e-flex e-con e-parent\" data-id=\"2ef2e6e2\" data-element_type=\"container\" data-e-type=\"container\">\n\t\t<div class=\"elementor-element elementor-element-1b16a1c8 e-con-full e-flex e-con e-child\" data-id=\"1b16a1c8\" data-element_type=\"container\" data-e-type=\"container\" data-settings=\"{&quot;background_background&quot;:&quot;classic&quot;}\">\n\t\t\t\t<div class=\"elementor-element elementor-element-4b69fd2c elementor-widget__width-initial elementor-widget elementor-widget-image\" data-id=\"4b69fd2c\" data-element_type=\"widget\" data-e-type=\"widget\" data-widget_type=\"image.default\">\n\t\t\t\t<div class=\"elementor-widget-container\">\n\t\t\t\t\t\t\t\t\t\t\t\t\t\t\t<img loading=\"lazy\" decoding=\"async\" width=\"2560\" height=\"1867\" src=\"https:\/\/vjf.at\/fjutscharama\/wp-content\/uploads\/sites\/10\/2024\/05\/Weg-Fjutscha_neu-scaled.jpg\" class=\"attachment-full size-full wp-image-8344\" alt=\"\" srcset=\"https:\/\/vjf.at\/fjutscharama\/wp-content\/uploads\/sites\/10\/2024\/05\/Weg-Fjutscha_neu-scaled.jpg 2560w, https:\/\/vjf.at\/fjutscharama\/wp-content\/uploads\/sites\/10\/2024\/05\/Weg-Fjutscha_neu-1500x1094.jpg 1500w, https:\/\/vjf.at\/fjutscharama\/wp-content\/uploads\/sites\/10\/2024\/05\/Weg-Fjutscha_neu-768x560.jpg 768w, https:\/\/vjf.at\/fjutscharama\/wp-content\/uploads\/sites\/10\/2024\/05\/Weg-Fjutscha_neu-1536x1120.jpg 1536w, https:\/\/vjf.at\/fjutscharama\/wp-content\/uploads\/sites\/10\/2024\/05\/Weg-Fjutscha_neu-2048x1493.jpg 2048w\" sizes=\"(max-width: 2560px) 100vw, 2560px\" \/>\t\t\t\t\t\t\t\t\t\t\t\t\t\t\t<\/div>\n\t\t\t\t<\/div>\n\t\t\t\t<\/div>\n\t\t<div class=\"elementor-element elementor-element-47cf89e6 e-con-full e-flex e-con e-child\" data-id=\"47cf89e6\" data-element_type=\"container\" data-e-type=\"container\">\n\t\t\t\t<div class=\"elementor-element elementor-element-8217377 elementor-widget elementor-widget-heading\" data-id=\"8217377\" data-element_type=\"widget\" data-e-type=\"widget\" data-widget_type=\"heading.default\">\n\t\t\t\t<div class=\"elementor-widget-container\">\n\t\t\t\t\t<h2 class=\"elementor-heading-title elementor-size-default\">Hier sind wir<\/h2>\t\t\t\t<\/div>\n\t\t\t\t<\/div>\n\t\t\t\t<div class=\"elementor-element elementor-element-1e3c6d5 elementor-widget elementor-widget-icon-box\" data-id=\"1e3c6d5\" data-element_type=\"widget\" data-e-type=\"widget\" data-widget_type=\"icon-box.default\">\n\t\t\t\t<div class=\"elementor-widget-container\">\n\t\t\t\t\t\t\t<div class=\"elementor-icon-box-wrapper\">\n\n\t\t\t\n\t\t\t\t\t\t<div class=\"elementor-icon-box-content\">\n\n\t\t\t\t\t\t\t\t\t<h4 class=\"elementor-icon-box-title\">\n\t\t\t\t\t\t<span  >\n\t\t\t\t\t\t\tAdresse:\t\t\t\t\t\t<\/span>\n\t\t\t\t\t<\/h4>\n\t\t\t\t\n\t\t\t\t\t\t\t\t\t<p class=\"elementor-icon-box-description\">\n\t\t\t\t\t\tScharm\u00fchlwinkel 13,\n4030 Linz.\nDu kannst uns mit den Linien 12 und 19 erreichen Haltestelle: Mitterweg\t\t\t\t\t<\/p>\n\t\t\t\t\n\t\t\t<\/div>\n\t\t\t\n\t\t<\/div>\n\t\t\t\t\t\t<\/div>\n\t\t\t\t<\/div>\n\t\t\t\t<\/div>\n\t\t\t\t<\/div>\n\t\t\t\t<\/div>\n\t\t","protected":false},"excerpt":{"rendered":"<p>Kontaktiere uns Wir freuen uns, wenn du uns kontaktierst, oder zu den \u00d6ffnungszeiten im Jugendzentrum vorbeischaust. Adresse: Scharm\u00fchlwinkel 13 \u00d6ffnungszeiten: Di &#8211; Mi: 13.30 &#8211; 19.30, Samstag 14.00 &#8211; 20.00 Telefon: 0043 6507730347 Email: fjutscharama@vjf.at Hier sind wir Adresse: Scharm\u00fchlwinkel 13, 4030 Linz. Du kannst uns mit den Linien 12 und 19 erreichen Haltestelle: Mitterweg<\/p>\n","protected":false},"author":1,"featured_media":0,"parent":0,"menu_order":0,"comment_status":"closed","ping_status":"closed","template":"","meta":{"_acf_changed":false,"footnotes":""},"class_list":["post-9269","page","type-page","status-publish","hentry"],"acf":[],"_links":{"self":[{"href":"https:\/\/vjf.at\/fjutscharama\/index.php?rest_route=\/wp\/v2\/pages\/9269","targetHints":{"allow":["GET"]}}],"collection":[{"href":"https:\/\/vjf.at\/fjutscharama\/index.php?rest_route=\/wp\/v2\/pages"}],"about":[{"href":"https:\/\/vjf.at\/fjutscharama\/index.php?rest_route=\/wp\/v2\/types\/page"}],"author":[{"embeddable":true,"href":"https:\/\/vjf.at\/fjutscharama\/index.php?rest_route=\/wp\/v2\/users\/1"}],"replies":[{"embeddable":true,"href":"https:\/\/vjf.at\/fjutscharama\/index.php?rest_route=%2Fwp%2Fv2%2Fcomments&post=9269"}],"version-history":[{"count":0,"href":"https:\/\/vjf.at\/fjutscharama\/index.php?rest_route=\/wp\/v2\/pages\/9269\/revisions"}],"wp:attachment":[{"href":"https:\/\/vjf.at\/fjutscharama\/index.php?rest_route=%2Fwp%2Fv2%2Fmedia&parent=9269"}],"curies":[{"name":"wp","href":"https:\/\/api.w.org\/{rel}","templated":true}]}}